 by 167.
14
Calculate the remainder when 158 is divided by 9.
5
What is the remainder when 98 is divided by 44?
10
What is the remainder when 64 is divided by 27?
10
What is the remainder when 1016 is divided by 48?
8
What is the remainder when 12142 is divided by 48?
46
What is the remainder when 337 is divided by 17?
14
What is the remainder when 31 is divided by 12?
7
Calculate the remainder when 89 is divided by 27.
8
What is the remainder when 23503 is divided by 26?
25
Calculate the remainder when 1791 is divided by 66.
9
Calculate the remainder when 133 is divided by 27.
25
Calculate the remainder when 98 is divided by 36.
26
Calculate the remainder when 226 is divided by 77.
72
What is the remainder when 532 is divided by 111?
88
What is the remainder when 111 is divided by 84?
27
What is the remainder when 177 is divided by 64?
49
What is the remainder when 44 is divided by 18?
8
What is the remainder when 40 is divided by 12?
4
What is the remainder when 273 is divided by 92?
89
Calculate the remainder when 295 is divided by 6.
1
Calculate the remainder when 196 is divided by 26.
14
Calculate the remainder when 642 is divided by 126.
12
Calculate the remainder when 719 is divided by 48.
47
What is the remainder when 463 is divided by 15?
13
Calculate the remainder when 617 is divided by 57.
47
Calculate the remainder when 53 is divided by 36.
17
What is the remainder when 9764 is divided by 22?
18
What is the remainder when 30 is divided by 18?
12
Calculate the remainder when 1042 is divided by 80.
2
What is the remainder when 187 is divided by 104?
83
What is the remainder when 94 is divided by 14?
10
Calculate the remainder when 102 is divided by 22.
14
What is the remainder when 131 is divided by 130?
1
What is the remainder when 166 is divided by 155?
11
Calculate the remainder when 195 is divided by 66.
63
Calculate the remainder when 212 is divided by 24.
20
What is the remainder when 65 is divided by 18?
11
What is the remainder when 305 is divided by 49?
11
What is the remainder when 375 is divided by 88?
23
What is the remainder when 523 is divided by 33?
28
What is the remainder when 83 is divided by 6?
5
What is the remainder when 190 is divided by 45?
10
Calculate the remainder when 2505 is divided by 66.
63
Calculate the remainder when 1671 is divided by 210.
201
What is the remainder when 122 is divided by 23?
7
What is the remainder when 1759 is divided by 1754?
5
What is the remainder when 493 is divided by 9?
7
What is the remainder when 9 is divided by 4?
1
Calculate the remainder when 12431 is divided by 56.
55
Calculate the remainder when 406 is divided by 16.
6
Calculate the remainder when 298 is divided by 34.
26
Calculate the remainder when 103 is divided by 20.
3
What is the remainder when 143 is divided by 135?
8
What is the remainder when 222 is divided by 68?
18
Calculate the remainder when 48 is divided by 35.
13
Calculate the remainder when 124 is divided by 9.
7
Calculate the remainder when 14082 is divided by 45.
42
What is the remainder when 2989 is divided by 41?
37
What is the remainder when 37 is divided by 19?
18
What is the remainder when 118 is divided by 52?
14
What is the remainder when 12289 is divided by 51?
49
Calculate the remainder when 1715 is divided by 64.
51
Calculate the remainder when 1046 is divided by 88.
78
Calculate the remainder when 179 is divided by 67.
45
What is the remainder when 1067 is divided by 9?
5
Calculate the remainder when 23 is divided by 6.
5
What is the remainder when 185 is divided by 39?
29
What is the remainder when 82 is divided by 22?
16
What is the remainder when 1106 is divided by 6?
2
What is the remainder when 42 is divided by 16?
10
What is the remainder when 130 is divided by 33?
31
What is the remainder when 139 is divided by 19?
6
What is the remainder when 130 is divided by 19?
16
What is the remainder when 4621 is divided by 23?
21
What is the remainder when 285 is divided by 18?
15
Calculate the remainder when 50 is divided by 18.
14
Calculate the remainder when 20 is divided by 11.
9
What is the remainder when 1336 is divided by 25?
11
Calculate the remainder when 74 is divided by 39.
35
Calculate the remainder when 2017 is divided by 22.
15
Calculate the remainder when 46 is divided by 19.
8
Calculate the remainder when 12 is divided by 1.
0
Calculate the remainder when 1215 is divided by 14.
11
What is the remainder when 61 is divided by 13?
9
What is the remainder when 953 is divided by 203?
141
Calculate the remainder when 155 is divided by 54.
47
Calculate the remainder when 51 is divided by 44.
7
Calculate the remainder when 1719 is divided by 102.
87
Calculate the remainder when 292 is divided by 84.
40
What is the remainder when 103 is divided by 36?
31
Calculate the remainder when 17 is divided by 2.
1
Calculate the remainder when 1131 is divided by 186.
15
Calculate the remainder when 139 is divided by 47.
45
Calculate the remainder when 204 is divided by 54.
42
Calculate the remainder when 114 is divided by 21.
9
Calculate the remainder when 1000 is divided by 77.
76
Calculate the remainder when 572 is divided by 82.
80
What is the remainder when 1458 is divided by 39?
15
What is the remainder when 538 is divided by 108?
106
Calculate the remainder when 51 is divided by 20.
11
What is the remainder when 132 is divided by 27?
24
Calculate the remainder when 125 is divided by 24.
5
Calculate the remainder when 302 is divided by 78.
68
Calculate the remainder when 134 is divided by 62.
10
Calculate the remainder when 1249 is divided by 139.
137
What is the remainder when 442 is divided by 68?
34
Calculate the remainder when 198 is divided by 96.
6
What is the remainder when 1469 is divided by 434?
167
Calculate the remainder when 1475 is divided by 25.
0
What is the remainder when 409 is divided by 402?
7
What is the remainder when 215 is divided by 24?
23
What is the remainder when 77 is divided by 8?
5
What is the remainder when 41 is divided by 6?
5
Calculate the remainder when 9742 is divided by 15.
7
Calculate the remainder when 527 is divided by 52.
7
Calculate the remainder when 117 is divided by 34.
15
What is the remainder when 228 is divided by 78?
72
What is the remainder when 34 is divided by 27?
7
What is the remainder when 73 is divided by 40?
33
Calculate the remainder when 1584 is divided by 526.
6
Calculate the remainder when 4152 is divided by 31.
29
What is the remainder when 362 is divided by 13?
11
Calculate the remainder when 588 is divided by 498.
90
Calculate the remainder when 16188 is divided by 22.
18
Calculate the remainder when 782 is divided by 1.
0
Calculate the remainder when 167 is divided by 78.
11
What is the remainder when 84 is divided by 63?
21
Calculate the remainder when 196 is divided by 33.
31
What is the remainder when 319 is divided by 41?
32
Calculate the remainder when 923 is divided by 25.
23
What is the remainder when 894 is divided by 13?
10
What is the remainder when 1548 is divided by 62?
60
Calculate the remainder when 2108 is divided by 57.
56
Calculate the remainder when 127 is divided by 56.
15
What is the remainder when 137 is divided by 32?
9
Calculate the remainder when 18 is divided by 9.
0
Calculate the remainder when 4798 is divided by 160.
158
What is the remainder when 27214 is divided by 17?
14
Calculate the remainder when 17 is divided by 15.
2
Calculate the remainder when 149 is divided by 81.
68
Calculate the remainder when 269 is divided by 8.
5
What is the remainder when 437 is divided by 109?
1
Calculate the remainder when 212 is divided by 98.
16
Calculate the remainder when 239 is divided by 41.
34
Calculate the remainder when 1820 is divided by 16.
12
What is the remainder when 175 is divided by 84?
7
Calculate the remainder when 34 is divided by 5.
4
What is the remainder when 36 is divided by 28?
8
What is the remainder when 21412 is divided by 86?
84
Calculate the remainder when 26 is divided by 26.
0
Calculate the remainder when 130 is divided by 19.
16
Calculate the remainder when 3024 is divided by 18.
0
Calculate the remainder when 3184 is divided by 1570.
44
Calculate the remainder when 298 is divided by 12.
10
Calculate the remainder when 692 is divide